{"id":83,"date":"2026-04-06T10:03:05","date_gmt":"2026-04-06T10:03:05","guid":{"rendered":"http:\/\/localhost\/WEBBAKEME\/?post_type=product&#038;p=83"},"modified":"2026-04-06T10:03:06","modified_gmt":"2026-04-06T10:03:06","slug":"tiramisu","status":"publish","type":"product","link":"https:\/\/bakeme.food\/index.php\/product\/tiramisu\/","title":{"rendered":"TIRAMISU"},"content":{"rendered":"<p><span data-sheets-root=\"1\">Tiramisu l\u00e0 m\u00f3n tr\u00e1ng mi\u1ec7ng c\u1ed5 \u0111i\u1ec3n c\u1ee7a \u00dd g\u1ed3m c\u00e1c l\u1edbp b\u00e1nh ladyfinger nh\u00fang c\u00e0 ph\u00ea, xen k\u1ebd v\u1edbi kem mascarpone b\u00e9o ng\u1eady v\u00e0 \u0111\u01b0\u1ee3c ph\u1ee7 cacao. H\u01b0\u01a1ng v\u1ecb h\u00f2a quy\u1ec7n gi\u1eefa v\u1ecb \u0111\u1eafng nh\u1eb9 c\u1ee7a c\u00e0 ph\u00ea, ng\u1ecdt d\u1ecbu c\u1ee7a kem v\u00e0 h\u01b0\u01a1ng th\u01a1m c\u1ee7a r\u01b0\u1ee3u khi\u1ebfn tiramisu tr\u1edf th\u00e0nh bi\u1ec3u t\u01b0\u1ee3ng c\u1ee7a \u1ea9m th\u1ef1c \u00dd hi\u1ec7n \u0111\u1ea1i.<\/span><\/p>\n","protected":false},"excerpt":{"rendered":"<p><span data-sheets-root=\"1\">B\u00e1nh ladyfinger, c\u00e0 ph\u00ea espresso, mascarpone, tr\u1ee9ng, \u0111\u01b0\u1eddng, cacao, r\u01b0\u1ee3u Marsala ho\u1eb7c rum<\/span><\/p>\n","protected":false},"featured_media":84,"comment_status":"open","ping_status":"closed","template":"","meta":[],"product_brand":[],"product_cat":[15],"product_tag":[],"class_list":{"0":"post-83","1":"product","2":"type-product","3":"status-publish","4":"has-post-thumbnail","6":"product_cat-uncategorized","8":"first","9":"instock","10":"sale","11":"taxable","12":"shipping-taxable","13":"purchasable","14":"product-type-simple"},"_links":{"self":[{"href":"https:\/\/bakeme.food\/index.php\/wp-json\/wp\/v2\/product\/83","targetHints":{"allow":["GET"]}}],"collection":[{"href":"https:\/\/bakeme.food\/index.php\/wp-json\/wp\/v2\/product"}],"about":[{"href":"https:\/\/bakeme.food\/index.php\/wp-json\/wp\/v2\/types\/product"}],"replies":[{"embeddable":true,"href":"https:\/\/bakeme.food\/index.php\/wp-json\/wp\/v2\/comments?post=83"}],"wp:featuredmedia":[{"embeddable":true,"href":"https:\/\/bakeme.food\/index.php\/wp-json\/wp\/v2\/media\/84"}],"wp:attachment":[{"href":"https:\/\/bakeme.food\/index.php\/wp-json\/wp\/v2\/media?parent=83"}],"wp:term":[{"taxonomy":"product_brand","embeddable":true,"href":"https:\/\/bakeme.food\/index.php\/wp-json\/wp\/v2\/product_brand?post=83"},{"taxonomy":"product_cat","embeddable":true,"href":"https:\/\/bakeme.food\/index.php\/wp-json\/wp\/v2\/product_cat?post=83"},{"taxonomy":"product_tag","embeddable":true,"href":"https:\/\/bakeme.food\/index.php\/wp-json\/wp\/v2\/product_tag?post=83"}],"curies":[{"name":"wp","href":"https:\/\/api.w.org\/{rel}","templated":true}]}}